18) composite?
False
Let h(u) = -u**3 + 7*u**2 + 6*u - 3. Let i be h(4). Let y = 133 - i. Suppose 4*m + 5*x = y + 59, -m = -3*x - 52. Is m a prime number?
True
Suppose 8*r = 10883 + 1589. Is r prime?
True
Suppose -892 = -4*q + 832. Is q composite?
False
Suppose 2*k = 4*d - 16, 2*k + d = 7 - 3. Is (k - -1)/(2/970) composite?
True
Suppose 2*c - 71 - 91 = 2*l, c - 97 = 5*l. Is c prime?
False
Let c(a) = -2 + 2*a**3 + a - a**3 + 2*a**2 + 3. Let t be c(-2). Is (-2)/(-2)*(t - -4) a composite number?
False
Let x(b) = 52*b**2 - 3*b - 3. Let q = 11 - 13. Is x(q) composite?
False
Let n be 0 + 4 + -1 + -32. Let y = 58 - 109. Let s = n - y. Is s a prime number?
False
Suppose 3*m - 6*p - 7 = -p, -11 = -4*m + 5*p. Let b be ((-3)/(-4))/(m/752). Suppose 199 = 4*f - b. Is f a composite number?
True
Is 2 - -2 - (-54 + -1) prime?
True
Suppose 3*x - 1052 = -x. Is x a composite number?
False
Let q = -115 + 200. Is q composite?
True
Is (-7092)/(-16) - (-3)/(-12) composite?
False
Suppose -5*p + 0*p + 20 = 0. Is 64 + (2 + 3 - p) prime?
False
Suppose 0 = -5*j - d + 637, 0 = -j + 3*j - 2*d - 250. Is j prime?
True
Suppose -3*p - 3*r + 720 = 0, -r - 1168 + 203 = -4*p. Let j = p + -144. Is j a prime number?
True
Let w(f) = f**3 - 9*f**2 - 19*f + 16. Is w(13) a prime number?
False
Let k(g) = 9*g - 1. Let x be k(1). Let b = -6 + x. Suppose -188 = -2*l - b*l. Is l a composite number?
False
Let b(p) = -p + 9*p**2 + 6*p - 3*p + 7 - p**3. Let t be ((-8)/10)/(3/(-30)). Is b(t) a composite number?
True
Suppose 0 = -5*a - 2*k + 4859, -4*k = 2*a - 2*k - 1946. Is a a composite number?
False
Let p(j) = 8*j - 7. Let r be p(7). Suppose 14 - r = -5*f. Suppose -5*h + 13 = -f. Is h a composite number?
True
Let u = 2 - 5. Is 74 + 9/(0 - u) a prime number?
False
Let t(l) = 4*l**2 + l. Let g be t(-1). Suppose 0*v = 5*v + g*r - 1006, -3*r = -2*v + 415. Is v a prime number?
False
Let m(k) = -k**2 - k + 19. Let r be (-2)/(-5) + (-2)/5. Is m(r) prime?
True
Let u be 1 - ((3 - 4) + -25). Let o = 264 + u. Is o prime?
False
Suppose 2639 = 5*q - o, 0 = 2*q + q + 4*o - 1565. Is q a composite number?
True
Let f(k) = -41*k**3 - 4*k**2 + 2*k + 4. Is f(-3) composite?
False
Suppose -136 - 190 = -2*c. Is c prime?
True
Let y be 2/(-4 - -2) - -4. Suppose y*t - 28 = -t. Is t a prime number?
True
Let l(c) = -c**2 + 45*c - 19. Is l(24) prime?
False
Let g = 3 + 57. Let f = g + -14. Is f composite?
True
Let r(p) = 2*p - 2. Let x = 3 + -1. Suppose x*i - 6 = i. Is r(i) prime?
False
Let d be (-1)/(3/(-18)*2). Suppose -2*n - 2*t + 14 = 0, -d - 17 = -4*n - 2*t. Is n prime?
True
Let c(i) be the second derivative of i**4/12 - i**3/6 - 3*i**2 + i. Let r(l) = -l**2 + 8*l - 7. Let o be r(6). Is c(o) a composite number?
True
Suppose 4*u + 8 = z, -u - 3*u + 2*z = 8. Let j be (u/5)/(1/5). Is j + (0 - -13) + -1 a prime number?
False
Let y = 18 + -29. Let f = 6 + y. Is 2/(-10) + (-956)/f prime?
True
Suppose i = 5*w - 0*i - 3732, -3*w - 5*i + 2228 = 0. Is w a prime number?
False
Suppose -6*o = -4*o - 530. Is o a composite number?
True
Suppose 0*u = 4*u - 52. Suppose -43 = -l - 4*n, -4*n + 66 = 4*l - 2*l. Let o = l - u. Is o a composite number?
True
Let v = 2 + -2. Suppose -4*x = 5*g - 978 + 166, v = 3*x - g - 609. Is x a composite number?
True
Suppose -7*d + 2*d + 4*u + 79 = 0, 0 = -2*d + u + 34. Is d a composite number?
False
Suppose -7*m + 64 = -209. Is m a prime number?
False
Let t(l) = 2*l**2 - l - 5. Let r be t(-8). Suppose g + r = 2*g. Is g prime?
True
Suppose 2*o - 476 = -2*o. Suppose 42 = -z + o. Is z a prime number?
False
Suppose -303 = 3*d + 174. Suppose 2*j + 5 = 1. Is j*-2*d/(-12) a prime number?
True
Let r(d) = d**2 + 10*d + 1. Let l be r(-9). Let v = l + 14. Is v composite?
True
Suppose -x + 4*d + 35 = 0, 0*d - 106 = -2*x - d. Is x a prime number?
False
Suppose -3*h - f + 1959 = 0, 2*f = h - 2*f - 653. Suppose 4*z + 145 = h. Is z a prime number?
True
Let l = -5 + 9. Suppose 4*r - 3*t = 619, -l*r = 3*t - 973 + 336. Is r a prime number?
True
Let n(v) = 2*v**2 + 3*v. Let l be n(-2). Is 46/l - 1 - 3 prime?
True
Let a(v) = 6*v**2 - 17*v + 6. Let g(n) = 17*n**2 - 51*n + 19. Let i(d) = -11*a(d) + 4*g(d). Is i(11) composite?
True
Let l(g) = 7*g**3 - 4*g**2 - 7*g - 3. Let j(y) = 20*y**3 - 11*y**2 - 20*y - 9. Let z(w) = -6*j(w) + 17*l(w). Is z(-4) a composite number?
False
Suppose -6 - 4 = -5*v. Suppose v*d = -2*d + 100. Is d a composite number?
True
Let v(w) = 31*w - 6. Is v(7) a composite number?
False
Suppose -3*p + 2*n + 861 = 0, 4*p + 21 - 1152 = -3*n. Suppose -r - 548 = 2*c, c - 1396 = 2*r - p. Is r/(-10) - 2/5 a composite number?
True
Let l(p) = -4 + 3 + 3*p + 5. Let a(d) = d - 1. Let t(n) = 5*a(n) + l(n). Is t(2) a prime number?
False
Let h(j) = -3*j**2 - 2 + 1 + 1 - 2*j + 2*j**3. Is h(3) a prime number?
False
Let u(i) = -2*i**3 + 2*i**2 - 5*i - 2. Suppose 4 = -6*o + 2*o. Let h = o + -2. Is u(h) a composite number?
True
Let w be 0/(-3 + 2 - -3). Let q be (-1 + 2)*(-4 - w). Is (-47)/2*q/2 composite?
False
Suppose 4*s = -2*z - 0*s + 2392, 0 = 5*z + 2*s - 5940. Is z a composite number?
True
Let v = -340 + 716. Let c = -222 + v. Is c/6 + 18/(-27) prime?
False
Let c = 106 + -45. Suppose r - c = 3*a, r - 4*a - 21 = -9*a. Is -1 - (-2*r - -2) prime?
True
Suppose -2*b = 4*m - 210, -303 = -3*b - 3*m + m. Let q be 6/9 - (-8)/6. Suppose -t = q*t - b. Is t composite?
True
Suppose 1275 = 4*c - 873. Let f = -382 + c. Is f a prime number?
False
Suppose -3*r + 9*r = 1914. Is r a composite number?
True
Suppose 2*r = t - 5, 1 = -t + 2*t + 2*r. Suppose g - t*c = 121, 30 = g + c - 111. Suppose g = 3*h + 5*w, -3*h = 4*w + 16 - 147. Is h prime?
True
Suppose -4*v - b - 2*b = 42, 38 = -3*v + b. Suppose 5*n + 19 = 5*d - d, -n - 2*d = 1. Let a = n - v. Is a a prime number?
False
Is (1759 + 0)/(30/(-5) + 7) a prime number?
True
Suppose -5*j - s + 9985 = 980, 3*s = -j + 1801. Is j composite?
False
Let w be 6/(-12) + (-10)/(-4). Let t be -124 - (5 + -1 - w). Let b = 239 + t. Is b a prime number?
True
Let o(c) = 10*c**2 - 8*c + 2. Is o(6) a prime number?
False
Let n = 13 - 11. Suppose -d + n*d = 166. Is d a composite number?
True
Suppose -4*t = y - 171, 2*t = -2*y + t + 328. Is y prime?
True
Suppose 0 = g + b - 753, 2*b + 2255 = 3*g + 4*b. Is g a prime number?
False
Suppose -8 = -a - 3*a. Suppose 0*o + 62 = a*o. Is o a composite number?
False
Suppose -4*l + 12 = -5*v, 3*v - 6 = 8*v - 2*l. Is v - ((-70)/2 - 2) a composite number?
False
Suppose 2*p - 3 = 7. Let s(q) = -q**3 + 5*q**2 + 4*q + 1. Is s(p) a prime number?
False
Suppose -3*r = -4*r - 6. Is (2 + -1)/(r/(-1770)) composite?
True
Let n = -73 - -234. Is n composite?
True
Let x(i) = i**3 + 6*i**2 - 2*i - 5. Let s(p) = 5*p + 8. Let d(j) = -6*j - 7. Let b(l) = -4*d(l) - 5*s(l). Let h be b(-6). Is x(h) composite?
False
Suppose 3 = -s + r, 4*s - s - 5*r + 15 = 0. Let i be 775/5*(5 + s). Suppose v = -4*v + i. Is v a composite number?
True
Suppose -2*y = -2*a - 5*y + 106, 5*a = 2*y + 303. Let p = a - 12. Is p composite?
False
Let q(n) = -9 - 34*n + 5*n + 0 + 0. Is q(-8) composite?
False
Let t(u) = u**3 - 9*u**2 + 11*u - 3. Suppose 0 = 4*h + h - 40. Is t(h) prime?
False
Is 1/8*830*4 prime?
False
Let l = 22 + -20. Suppose 0 = -5*q - l*u + 1341, -2*q - u + 540 = u. Is q a prime number?
False
Suppose -90 = -h - h. Suppose -4*i + 43 = -h. Let q = i - 15. Is q a composite number?
False
Let b(z) = -z**3 + 3*z**2 + z. Let u be b(3). Suppose 2*o - 119 = -5*r, -2*r + 287 = o + 4*o. Suppose -u*k - o = -4*k. Is k prime?
False
Suppose -7*x - 2060 = -10579. Is x a prime number?
True
Let y = 280 + -136. Let p = y - 59. Is p prime?
False
Let l be (-80 - 1)*6/(-9). Is 1574/12 - 9/l prime?
True
Let c be (2/1)/(-2) - -1. Suppose -5*q + 0*q + 1005 = c. Let p = q + -110. Is p composite?
True
Let m(i) = i**3 - 4*i**2 + 2*i + 2. Let w be m(2). Is -1*(-10 + 1 + w) composite?
False
Suppose 0 = -4*j + 7*j - 6. Let x(v) = 21 - 6*v + 3*v + j*v. Is x(10) a prime number?
True
Suppose -5*d + 108 = -d. Suppose 4*i - 5 = d. Let m(p) = 2*p - 9. Is m(i) a composite number?
False
Let n = 17 + -15. Is (-350)/(-6) - n/(-3) composite?
False
Let g = -5 + 7. Is 1392/15 + g/10 a composite number?
True
Suppose -4*g = -3*n - 1699, -3*g + 1238 = 7*n - 2*n. Let a(m) = m - 156. Let j be a(0). Let p = g + j. Is p prime?
False
Is 6117/15 + 28/(-